{"id":290,"date":"2025-09-15T09:45:06","date_gmt":"2025-09-15T09:45:06","guid":{"rendered":"https:\/\/everlast-art.de\/?post_type=product&#038;p=290"},"modified":"2025-11-18T09:16:12","modified_gmt":"2025-11-18T09:16:12","slug":"vikingthulhu-wuerfelarena","status":"publish","type":"product","link":"https:\/\/everlast-art.de\/?product=vikingthulhu-wuerfelarena","title":{"rendered":"&#8222;Vikingthulhu&#8220;-W\u00fcrfelarena"},"content":{"rendered":"<p>Wer kennt es nicht \u2013 lautes Geklacker beim W\u00fcrfeln zum Spieleabend oder die Suche nach den vielseitigen Gl\u00fccksbringern unter dem Sofa nach einem verungl\u00fcckten Wurf. All das bleibt Dir mit der stylishen W\u00fcrfelarena erspart. Zus\u00e4tzlich ist die faltbare Schale gut zu transportieren und platzsparend zu verstauen. Mit den coolen Motiven von Grautesk kann die Arena aber auch einfach auf dem Tisch als Blickfang stehen bleiben.<\/p>\n<p>Das Motiv zeigt ein Wikingerschiff auf hoher See mit einer Schutzrune auf dem Segel. Am Horizont t\u00fcrmt sich der Gro\u00dfe Alte Gott Cthuhu auf. Cthulhu ist die bekannteste Gottheit unter den Gro\u00dfen Alten, &#8211; interstellare Wesenheiten aus der Feder des US-Schriftstellers H. P. Lovecraft.<\/p>\n<p>Erh\u00e4ltlich mit diversen Motiven!<\/p>\n<p><strong>Ma\u00dfe:<\/strong> 20 cm \u00d8 x 4,0 cm h<\/p>\n<ul class=\"wp-block-list\">\n<li>schwarzes Kunstleder mit Samt ausgeschlagen<\/li>\n<li>einfach mit Druckkn\u00f6pfen aufstellbar<\/li>\n<li>leicht zu transportieren<\/li>\n<li>foliertes Motiv im Innenteil<\/li>\n<li>zur Verwendung im Innenbereich<\/li>\n<\/ul>\n<p>&nbsp;<\/p>\n<p>&nbsp;<\/p>\n<p>&nbsp;<\/p>\n","protected":false},"excerpt":{"rendered":"<p>Safe Trip Viking Ship! Die Vikingthulhu-W\u00fcrfelarena.<\/p>\n<p>Nie wieder W\u00fcrfel unter dem Tisch suchen, kein lautes W\u00fcrfelgeklapper!<\/p>\n<p>Mit dieser W\u00fcrfelarena aus schwarzem Kunstleder ist man der Held bei jeder Spielerunde!<\/p>\n","protected":false},"featured_media":235,"comment_status":"closed","ping_status":"closed","template":"","meta":[],"product_brand":[],"product_cat":[45],"product_tag":[52,48,55,73,40,61,76,72,74,54,47,49,71,77,41,37,67,75,96,99,97],"class_list":{"0":"post-290","1":"product","2":"type-product","3":"status-publish","4":"has-post-thumbnail","6":"product_cat-spielhilfen","7":"product_tag-azatoth","8":"product_tag-cosmic-horror","9":"product_tag-cthulhu","10":"product_tag-e-a-poe","11":"product_tag-fantasy","12":"product_tag-fantasy-rollenspiel","13":"product_tag-gamer","14":"product_tag-geek","15":"product_tag-gothic","16":"product_tag-h-p-lovecraft","17":"product_tag-horror","18":"product_tag-lovecraft","19":"product_tag-nerd","20":"product_tag-nyarlathotep","21":"product_tag-pen-and-paper","22":"product_tag-rollenspiel","23":"product_tag-rpg","24":"product_tag-schwarze-szene","25":"product_tag-wuerfel","26":"product_tag-wuerfelarena","27":"product_tag-wuerfelspiele","29":"entry","30":"has-media","32":"first","33":"instock","34":"taxable","35":"shipping-taxable","36":"purchasable","37":"product-type-simple","38":"has-product-nav","39":"col","40":"span_1_of_3","41":"owp-content-center","42":"owp-thumbs-layout-horizontal","43":"owp-btn-very-big","44":"owp-tabs-layout-horizontal"},"_links":{"self":[{"href":"https:\/\/everlast-art.de\/index.php?rest_route=\/wp\/v2\/product\/290","targetHints":{"allow":["GET"]}}],"collection":[{"href":"https:\/\/everlast-art.de\/index.php?rest_route=\/wp\/v2\/product"}],"about":[{"href":"https:\/\/everlast-art.de\/index.php?rest_route=\/wp\/v2\/types\/product"}],"replies":[{"embeddable":true,"href":"https:\/\/everlast-art.de\/index.php?rest_route=%2Fwp%2Fv2%2Fcomments&post=290"}],"wp:featuredmedia":[{"embeddable":true,"href":"https:\/\/everlast-art.de\/index.php?rest_route=\/wp\/v2\/media\/235"}],"wp:attachment":[{"href":"https:\/\/everlast-art.de\/index.php?rest_route=%2Fwp%2Fv2%2Fmedia&parent=290"}],"wp:term":[{"taxonomy":"product_brand","embeddable":true,"href":"https:\/\/everlast-art.de\/index.php?rest_route=%2Fwp%2Fv2%2Fproduct_brand&post=290"},{"taxonomy":"product_cat","embeddable":true,"href":"https:\/\/everlast-art.de\/index.php?rest_route=%2Fwp%2Fv2%2Fproduct_cat&post=290"},{"taxonomy":"product_tag","embeddable":true,"href":"https:\/\/everlast-art.de\/index.php?rest_route=%2Fwp%2Fv2%2Fproduct_tag&post=290"}],"curies":[{"name":"wp","href":"https:\/\/api.w.org\/{rel}","templated":true}]}}