{"id":289,"date":"2025-09-15T09:36:37","date_gmt":"2025-09-15T09:36:37","guid":{"rendered":"https:\/\/everlast-art.de\/?post_type=product&#038;p=289"},"modified":"2025-11-18T09:15:52","modified_gmt":"2025-11-18T09:15:52","slug":"one-ring-kapselheber","status":"publish","type":"product","link":"https:\/\/everlast-art.de\/?product=one-ring-kapselheber","title":{"rendered":"\u201eOne Ring\u201c-Kapselheber"},"content":{"rendered":"<p>Ein Ring sie alle zu \u00f6ffnen! Dieser praktische Kapselheber, aka Flaschen\u00f6ffner, aus Holz hat neben seiner speziellen F\u00e4higkeit des \u00d6ffnens allerlei Flaschen magischen und weltlichen Inhalts das besondere Talent, an magnetischen Fl\u00e4chen, wie K\u00fchlschr\u00e4nken, zu haften. Diesen Schatz wollen wirklich alle in ihren Besitz bringen!<\/p>\n<p><strong>Ma\u00dfe:<\/strong> 6,3 cm \u00d8 x 1,5 cm hoch<\/p>\n<ul class=\"wp-block-list\">\n<li>folierte Applikation<\/li>\n<li>Massivholz gebeizt (Abweichungen m\u00f6glich)<\/li>\n<li>magnetisch<\/li>\n<li>zur Verwendung im Innenbereich<\/li>\n<\/ul>\n<p>&nbsp;<\/p>\n","protected":false},"excerpt":{"rendered":"<p>Ein Ring, sie alle zu \u00f6ffnen! Der Flaschen\u00f6ffner mit Mehrwert!<\/p>\n<p>gefertigt aus Massivholz und Metall<\/p>\n<p>Jedes St\u00fcck ein Unikat!<\/p>\n","protected":false},"featured_media":246,"comment_status":"closed","ping_status":"closed","template":"","meta":[],"product_brand":[],"product_cat":[46],"product_tag":[88,83,40,61,84,72,85,86,87,71,82,41,90,37,67,89,91],"class_list":{"0":"post-289","1":"product","2":"type-product","3":"status-publish","4":"has-post-thumbnail","6":"product_cat-kleinmoebel-sonstiges","7":"product_tag-das-allsehende-auge","8":"product_tag-der-herr-der-ringe","9":"product_tag-fantasy","10":"product_tag-fantasy-rollenspiel","11":"product_tag-flaschenoeffner","12":"product_tag-geek","13":"product_tag-kapselheber","14":"product_tag-kuehlschrankmagnet","15":"product_tag-magnetisch","16":"product_tag-nerd","17":"product_tag-one-ring","18":"product_tag-pen-and-paper","19":"product_tag-ringe-der-macht","20":"product_tag-rollenspiel","21":"product_tag-rpg","22":"product_tag-sauron","23":"product_tag-silmarillon","25":"entry","26":"has-media","28":"first","29":"instock","30":"taxable","31":"shipping-taxable","32":"purchasable","33":"product-type-simple","34":"has-product-nav","35":"col","36":"span_1_of_3","37":"owp-content-center","38":"owp-thumbs-layout-horizontal","39":"owp-btn-very-big","40":"owp-tabs-layout-horizontal"},"_links":{"self":[{"href":"https:\/\/everlast-art.de\/index.php?rest_route=\/wp\/v2\/product\/289","targetHints":{"allow":["GET"]}}],"collection":[{"href":"https:\/\/everlast-art.de\/index.php?rest_route=\/wp\/v2\/product"}],"about":[{"href":"https:\/\/everlast-art.de\/index.php?rest_route=\/wp\/v2\/types\/product"}],"replies":[{"embeddable":true,"href":"https:\/\/everlast-art.de\/index.php?rest_route=%2Fwp%2Fv2%2Fcomments&post=289"}],"wp:featuredmedia":[{"embeddable":true,"href":"https:\/\/everlast-art.de\/index.php?rest_route=\/wp\/v2\/media\/246"}],"wp:attachment":[{"href":"https:\/\/everlast-art.de\/index.php?rest_route=%2Fwp%2Fv2%2Fmedia&parent=289"}],"wp:term":[{"taxonomy":"product_brand","embeddable":true,"href":"https:\/\/everlast-art.de\/index.php?rest_route=%2Fwp%2Fv2%2Fproduct_brand&post=289"},{"taxonomy":"product_cat","embeddable":true,"href":"https:\/\/everlast-art.de\/index.php?rest_route=%2Fwp%2Fv2%2Fproduct_cat&post=289"},{"taxonomy":"product_tag","embeddable":true,"href":"https:\/\/everlast-art.de\/index.php?rest_route=%2Fwp%2Fv2%2Fproduct_tag&post=289"}],"curies":[{"name":"wp","href":"https:\/\/api.w.org\/{rel}","templated":true}]}}