{"id":284,"date":"2025-09-15T08:45:46","date_gmt":"2025-09-15T08:45:46","guid":{"rendered":"https:\/\/everlast-art.de\/?post_type=product&#038;p=284"},"modified":"2025-12-03T15:00:44","modified_gmt":"2025-12-03T15:00:44","slug":"w12-kerzenstaender","status":"publish","type":"product","link":"https:\/\/everlast-art.de\/?product=w12-kerzenstaender","title":{"rendered":"&#8222;W12&#8220;-Kerzenst\u00e4nder"},"content":{"rendered":"<p>Die ikonischen vielseitigen W\u00fcrfel, die wohl jeder Rollenspielrunde vertraut sind, sorgen bei Unbedarften immer noch f\u00fcr Fragezeichen \u00fcber den K\u00f6pfen. Mach es zu einem Statement auf Deinem Wohnzimmertisch und sorge f\u00fcr Aufkl\u00e4rung und behagliche Stimmung mit den handbemalten oder teilvergoldeten Schmuckst\u00fccken f\u00fcr Deine Kerze.<\/p>\n<p><strong>Ma\u00dfe:<\/strong> ca. 8 cm x 8 cm x 8 cm<\/p>\n<ul class=\"wp-block-list\">\n<li>gegossen aus keramischer Gie\u00dfmasse<\/li>\n<li>handbemalt oder vergoldet und lackiert (Abweichungen m\u00f6glich)<\/li>\n<li>Kerzent\u00fclle aus beschichtetem Aluminium<\/li>\n<li>Bodenfilz zum Schutz der Stellfl\u00e4che<\/li>\n<li>zur Verwendung im Innenbereich<\/li>\n<\/ul>\n","protected":false},"excerpt":{"rendered":"<p>stilisher 12-seitiger W\u00fcrfel (W12 oder D12) aus keramischer Gie\u00dfmasse nicht nur f\u00fcr Pen-and-Paper-Liebhaber<\/p>\n<p>handgefertigt und -bemalt oder teilvergoldet\/versilbert\/bronziert<\/p>\n<p>Jedes St\u00fcck ein Unikat!<\/p>\n","protected":false},"featured_media":146,"comment_status":"closed","ping_status":"closed","template":"","meta":[],"product_brand":[],"product_cat":[43],"product_tag":[66,63,62,64,65,40,61,72,70,69,68,71,41,37,67],"class_list":{"0":"post-284","1":"product","2":"type-product","3":"status-publish","4":"has-post-thumbnail","6":"product_cat-kerzenhalter","7":"product_tag-d100","8":"product_tag-d12","9":"product_tag-d20","10":"product_tag-d4","11":"product_tag-d8","12":"product_tag-fantasy","13":"product_tag-fantasy-rollenspiel","14":"product_tag-geek","15":"product_tag-kerze","16":"product_tag-kerzenhalter","17":"product_tag-kerzenstaender","18":"product_tag-nerd","19":"product_tag-pen-and-paper","20":"product_tag-rollenspiel","21":"product_tag-rpg","23":"entry","24":"has-media","26":"first","27":"instock","28":"taxable","29":"shipping-taxable","30":"purchasable","31":"product-type-simple","32":"has-product-nav","33":"col","34":"span_1_of_3","35":"owp-content-center","36":"owp-thumbs-layout-horizontal","37":"owp-btn-very-big","38":"owp-tabs-layout-horizontal"},"_links":{"self":[{"href":"https:\/\/everlast-art.de\/index.php?rest_route=\/wp\/v2\/product\/284","targetHints":{"allow":["GET"]}}],"collection":[{"href":"https:\/\/everlast-art.de\/index.php?rest_route=\/wp\/v2\/product"}],"about":[{"href":"https:\/\/everlast-art.de\/index.php?rest_route=\/wp\/v2\/types\/product"}],"replies":[{"embeddable":true,"href":"https:\/\/everlast-art.de\/index.php?rest_route=%2Fwp%2Fv2%2Fcomments&post=284"}],"wp:featuredmedia":[{"embeddable":true,"href":"https:\/\/everlast-art.de\/index.php?rest_route=\/wp\/v2\/media\/146"}],"wp:attachment":[{"href":"https:\/\/everlast-art.de\/index.php?rest_route=%2Fwp%2Fv2%2Fmedia&parent=284"}],"wp:term":[{"taxonomy":"product_brand","embeddable":true,"href":"https:\/\/everlast-art.de\/index.php?rest_route=%2Fwp%2Fv2%2Fproduct_brand&post=284"},{"taxonomy":"product_cat","embeddable":true,"href":"https:\/\/everlast-art.de\/index.php?rest_route=%2Fwp%2Fv2%2Fproduct_cat&post=284"},{"taxonomy":"product_tag","embeddable":true,"href":"https:\/\/everlast-art.de\/index.php?rest_route=%2Fwp%2Fv2%2Fproduct_tag&post=284"}],"curies":[{"name":"wp","href":"https:\/\/api.w.org\/{rel}","templated":true}]}}