{"id":56,"date":"2025-06-16T10:17:21","date_gmt":"2025-06-16T10:17:21","guid":{"rendered":"https:\/\/everlast-art.de\/?page_id=56"},"modified":"2025-06-16T13:35:46","modified_gmt":"2025-06-16T13:35:46","slug":"philosophie","status":"publish","type":"page","link":"https:\/\/everlast-art.de\/?page_id=56","title":{"rendered":"Philosophie"},"content":{"rendered":"\n<div class=\"wp-block-media-text is-stacked-on-mobile\"><figure class=\"wp-block-media-text__media\"><img loading=\"lazy\" decoding=\"async\" width=\"567\" height=\"567\" src=\"https:\/\/everlast-art.de\/wp-content\/uploads\/2025\/03\/Everlast_Signet_72dpi.png\" alt=\"\" class=\"wp-image-7 size-full\"\/><\/figure><div class=\"wp-block-media-text__content\">\n<p><strong>EVERLAST <\/strong>setzt auf nachhaltiges und ressourcenschonendes Design mit den gewissen Etwas. Wir bezeichnen unsere Produkte als Artefakte, weil sie den Anschein erwecken sollen, anderen Welten, l\u00e4ngst vergessenen Zeiten oder Zivilisationen zu entspringen.<\/p>\n\n\n\n<p>Dabei verschlie\u00dft <strong>EVERLAST <\/strong>sich nicht den neuen Techniken rund um 3D-Druck und Co, mischt sie jedoch mit bodenst\u00e4ndigen Handwerkstechniken und entsprechenden Materialien. Das \u00e4sthetische Konzept des japanischen Wabi-Sabi, welches Sch\u00f6nheit und Anmut im Unperfekten erkennt, liegt unseren Designs stets zugrunde. Die nat\u00fcrliche Sch\u00f6nheit der eingesetzten Materialien und ihrer Geschichte sind wesentliche Bestandteile unserer Designsprache.<\/p>\n<\/div><\/div>\n\n\n\n<div style=\"height:20px\" aria-hidden=\"true\" class=\"wp-block-spacer\"><\/div>\n\n\n\n<p>Am Ende steht ein einzigartiges Artefakt mit Mehrwert. Die Produkte von <strong>EVERLAST <\/strong>sind im besten Sinne Gebrauchskunst. Zwar haben einige Objekte lediglich dekorativen Charakter, doch auch diese erf\u00fcllen einen n\u00fctzlichen Zweck, der sich auf emotionaler Ebene entfaltet. Meist jedoch liegt uns daran, unseren Artefakten eine Funktion zukommen zu lassen.<\/p>\n\n\n\n<p><\/p>\n","protected":false},"excerpt":{"rendered":"<p>EVERLAST setzt auf nachhaltiges und ressourcenschonendes Design mit den gewissen Etwas. Wir bezeichnen unsere Produkte als Artefakte, weil sie den Anschein erwecken sollen, anderen Welten, l\u00e4ngst vergessenen Zeiten oder Zivilisationen zu entspringen. Dabei verschlie\u00dft EVERLAST sich nicht den neuen Techniken rund um 3D-Druck und Co, mischt sie jedoch mit bodenst\u00e4ndigen Handwerkstechniken und entsprechenden Materialien. Das [&hellip;]<\/p>\n","protected":false},"author":1,"featured_media":57,"parent":0,"menu_order":0,"comment_status":"closed","ping_status":"closed","template":"","meta":{"footnotes":""},"class_list":["post-56","page","type-page","status-publish","has-post-thumbnail","hentry","entry","has-media","owp-thumbs-layout-horizontal","owp-btn-very-big","owp-tabs-layout-horizontal","has-no-thumbnails","has-product-nav"],"_links":{"self":[{"href":"https:\/\/everlast-art.de\/index.php?rest_route=\/wp\/v2\/pages\/56","targetHints":{"allow":["GET"]}}],"collection":[{"href":"https:\/\/everlast-art.de\/index.php?rest_route=\/wp\/v2\/pages"}],"about":[{"href":"https:\/\/everlast-art.de\/index.php?rest_route=\/wp\/v2\/types\/page"}],"author":[{"embeddable":true,"href":"https:\/\/everlast-art.de\/index.php?rest_route=\/wp\/v2\/users\/1"}],"replies":[{"embeddable":true,"href":"https:\/\/everlast-art.de\/index.php?rest_route=%2Fwp%2Fv2%2Fcomments&post=56"}],"version-history":[{"count":2,"href":"https:\/\/everlast-art.de\/index.php?rest_route=\/wp\/v2\/pages\/56\/revisions"}],"predecessor-version":[{"id":113,"href":"https:\/\/everlast-art.de\/index.php?rest_route=\/wp\/v2\/pages\/56\/revisions\/113"}],"wp:featuredmedia":[{"embeddable":true,"href":"https:\/\/everlast-art.de\/index.php?rest_route=\/wp\/v2\/media\/57"}],"wp:attachment":[{"href":"https:\/\/everlast-art.de\/index.php?rest_route=%2Fwp%2Fv2%2Fmedia&parent=56"}],"curies":[{"name":"wp","href":"https:\/\/api.w.org\/{rel}","templated":true}]}}